{"id":33157,"date":"2026-03-27T09:54:14","date_gmt":"2026-03-27T09:54:14","guid":{"rendered":"https:\/\/080barcelonafashion.cat\/?page_id=33157"},"modified":"2026-04-09T10:40:37","modified_gmt":"2026-04-09T10:40:37","slug":"barcelona-fashion-forward","status":"publish","type":"page","link":"https:\/\/080barcelonafashion.cat\/es_ES\/barcelona-fashion-forward\/","title":{"rendered":"Barcelona Fashion Forward"},"content":{"rendered":"\n<figure class=\"wp-block-image size-large\"><img loading=\"lazy\" decoding=\"async\" width=\"1600\" height=\"900\" src=\"https:\/\/080barcelonafashion.cat\/wp-content\/uploads\/2026\/03\/BFF080_Abril-2026png-1600x900.png\" alt=\"\" class=\"wp-image-33158\" srcset=\"https:\/\/080barcelonafashion.cat\/wp-content\/uploads\/2026\/03\/BFF080_Abril-2026png-1600x900.png 1600w, https:\/\/080barcelonafashion.cat\/wp-content\/uploads\/2026\/03\/BFF080_Abril-2026png-600x338.png 600w, https:\/\/080barcelonafashion.cat\/wp-content\/uploads\/2026\/03\/BFF080_Abril-2026png-768x432.png 768w, https:\/\/080barcelonafashion.cat\/wp-content\/uploads\/2026\/03\/BFF080_Abril-2026png-1536x864.png 1536w, https:\/\/080barcelonafashion.cat\/wp-content\/uploads\/2026\/03\/BFF080_Abril-2026png.png 1921w\" sizes=\"auto, (max-width: 1600px) 100vw, 1600px\" \/><\/figure>\n\n\n\n<h2 class=\"wp-block-heading\"><strong>BFF Brands &#8211; Up Close<\/strong><\/h2>\n\n\n\n<p><strong>Una mirada propera a les marques i als talents emergents del Barcelona Fashion Forward.<\/strong><br \/><em>A closer look at the brands and emerging talents of the Barcelona Fashion Forward programme.<\/em><\/p>\n\n\n\n<p><strong>Una oportunitat per descobrir les seves col\u00b7leccions, conversar amb els dissenyadors i connectar amb la identitat creativa de cada proposta.<\/strong><br \/>An opportunity to discover their collections, engage with the designers and connect with the creative identity behind each proposal.<br \/><br \/><strong>Assist\u00e8ncia nom\u00e9s amb invitaci\u00f3<br \/><\/strong>Attendance by invitation only<\/p>\n\n\n\n<p><strong>Data \/ Date <\/strong>17 d\u2019abril de 2026 \/ April 17, 2026 <\/p>\n\n\n\n<p><strong>Hora \/ Time<\/strong> 13 h \/ 1 pm <\/p>\n\n\n\n<p><strong>Lloc \/ Location<\/strong> Moll Oriental, 3 Ciutat Vella, 08039 Barcelona<\/p>\n\n\n\n<p>Boulard, Guillermo Justicia,&nbsp;Rubearth&nbsp;y Tania Marcial son las cuatro marcas protagonistas de esta presentaci\u00f3n en el marco de la 37\u00aa edici\u00f3n de 080 Barcelona&nbsp;Fashion. Las cuatro han formado parte de Barcelona&nbsp;Fashion&nbsp;Forward y forman parte de una nueva generaci\u00f3n de creadores vinculados a la ciudad, con lenguajes e identidades propias.&nbsp;<br \/>Con motivo de su participaci\u00f3n en esta edici\u00f3n, BFF presentar\u00e1 estas cuatro marcas el&nbsp;<strong>17 de abril a las 13 h en los Tinglados del Puerto de Barcelona.<\/strong>&nbsp;<\/p>\n","protected":false},"excerpt":{"rendered":"<p><!-- wp:image {\"id\":33158,\"sizeSlug\":\"large\",\"linkDestination\":\"none\"} --><\/p>\n<figure class=\"wp-block-image size-large\"><img loading=\"lazy\" decoding=\"async\" width=\"1600\" height=\"900\" src=\"https:\/\/080barcelonafashion.cat\/wp-content\/uploads\/2026\/03\/BFF080_Abril-2026png-1600x900.png\" alt=\"\" class=\"wp-image-33158\"...\n<\/p srcset=\"https:\/\/080barcelonafashion.cat\/wp-content\/uploads\/2026\/03\/BFF080_Abril-2026png-1600x900.png 1600w, https:\/\/080barcelonafashion.cat\/wp-content\/uploads\/2026\/03\/BFF080_Abril-2026png-600x338.png 600w, https:\/\/080barcelonafashion.cat\/wp-content\/uploads\/2026\/03\/BFF080_Abril-2026png-768x432.png 768w, https:\/\/080barcelonafashion.cat\/wp-content\/uploads\/2026\/03\/BFF080_Abril-2026png-1536x864.png 1536w, https:\/\/080barcelonafashion.cat\/wp-content\/uploads\/2026\/03\/BFF080_Abril-2026png.png 1921w\" sizes=\"auto, (max-width: 1600px) 100vw, 1600px\" \/>\n","protected":false},"author":1,"featured_media":0,"parent":0,"menu_order":0,"comment_status":"closed","ping_status":"closed","template":"","meta":{"_acf_changed":false,"today-dj-active":false,"todays-dj-list":"%5B%5D","lookbook-gallery":"","show-list":"%5B%5D","display-name":"","date":"","video-id":"","video-file":"","video-file-thumbnail":"","designer-images":"","images-editorial":"","images-athmosphere":"","images-front-row":"","images-photocall":"","designer-image":"","designer-name":"","collection-name":"","cs-coleccion":"","cs-biografia":"","es-coleccion":"","es-biografia":"","en-coleccion":"","en-biografia":"","localizacion":"","time":"","contact-data":"","zip-file":"","posted-date":"","twitter":"","facebook":"","twitch":"","youtube":"","instagram":"","linkedin":"","tiktok":"","website":"","agenda-event":"%5B%5D","agenda-bg":"","pdf_version_of_the_agenda":"","mo-backstage":"","mo-beauty":"","mo-athmosphere":"","mo-streetstyle":"","footnotes":""},"class_list":["post-33157","page","type-page","status-publish","hentry"],"acf":[],"_links":{"self":[{"href":"https:\/\/080barcelonafashion.cat\/es_ES\/wp-json\/wp\/v2\/pages\/33157","targetHints":{"allow":["GET"]}}],"collection":[{"href":"https:\/\/080barcelonafashion.cat\/es_ES\/wp-json\/wp\/v2\/pages"}],"about":[{"href":"https:\/\/080barcelonafashion.cat\/es_ES\/wp-json\/wp\/v2\/types\/page"}],"author":[{"embeddable":true,"href":"https:\/\/080barcelonafashion.cat\/es_ES\/wp-json\/wp\/v2\/users\/1"}],"replies":[{"embeddable":true,"href":"https:\/\/080barcelonafashion.cat\/es_ES\/wp-json\/wp\/v2\/comments?post=33157"}],"version-history":[{"count":4,"href":"https:\/\/080barcelonafashion.cat\/es_ES\/wp-json\/wp\/v2\/pages\/33157\/revisions"}],"predecessor-version":[{"id":33161,"href":"https:\/\/080barcelonafashion.cat\/es_ES\/wp-json\/wp\/v2\/pages\/33157\/revisions\/33161"}],"wp:attachment":[{"href":"https:\/\/080barcelonafashion.cat\/es_ES\/wp-json\/wp\/v2\/media?parent=33157"}],"curies":[{"name":"wp","href":"https:\/\/api.w.org\/{rel}","templated":true}]}}

<figure class="wp-block-image size-large"><img loading="lazy" decoding="async" width="1600" height="900" src="https://080barcelonafashion.cat/wp-content/uploads/2026/03/BFF080_Abril-2026png-1600x900.png" alt="" class="wp-image-33158" srcset="https://080barcelonafashion.cat/wp-content/uploads/2026/03/BFF080_Abril-2026png-1600x900.png 1600w, https://080barcelonafashion.cat/wp-content/uploads/2026/03/BFF080_Abril-2026png-600x338.png 600w, https://080barcelonafashion.cat/wp-content/uploads/2026/03/BFF080_Abril-2026png-768x432.png 768w, https://080barcelonafashion.cat/wp-content/uploads/2026/03/BFF080_Abril-2026png-1536x864.png 1536w, https://080barcelonafashion.cat/wp-content/uploads/2026/03/BFF080_Abril-2026png.png 1921w" sizes="auto, (max-width: 1600px) 100vw, 1600px" /></figure>



<h2 class="wp-block-heading"><strong>BFF Brands &#8211; Up Close</strong></h2>



<p><strong>Una mirada propera a les marques i als talents emergents del Barcelona Fashion Forward.</strong><br /><em>A closer look at the brands and emerging talents of the Barcelona Fashion Forward programme.</em></p>



<p><strong>Una oportunitat per descobrir les seves col·leccions, conversar amb els dissenyadors i connectar amb la identitat creativa de cada proposta.</strong><br />An opportunity to discover their collections, engage with the designers and connect with the creative identity behind each proposal.<br /><br /><strong>Assistència només amb invitació<br /></strong>Attendance by invitation only</p>



<p><strong>Data / Date </strong>17 d’abril de 2026 / April 17, 2026 </p>



<p><strong>Hora / Time</strong> 13 h / 1 pm </p>



<p><strong>Lloc / Location</strong> Moll Oriental, 3 Ciutat Vella, 08039 Barcelona</p>



<p>Boulard, Guillermo Justicia,&nbsp;Rubearth&nbsp;y Tania Marcial son las cuatro marcas protagonistas de esta presentación en el marco de la 37ª edición de 080 Barcelona&nbsp;Fashion. Las cuatro han formado parte de Barcelona&nbsp;Fashion&nbsp;Forward y forman parte de una nueva generación de creadores vinculados a la ciudad, con lenguajes e identidades propias.&nbsp;<br />Con motivo de su participación en esta edición, BFF presentará estas cuatro marcas el&nbsp;<strong>17 de abril a las 13 h en los Tinglados del Puerto de Barcelona.</strong>&nbsp;</p>
