{"id":33148,"date":"2026-03-27T08:18:19","date_gmt":"2026-03-27T08:18:19","guid":{"rendered":"https:\/\/080barcelonafashion.cat\/?page_id=33148"},"modified":"2026-03-31T15:43:06","modified_gmt":"2026-03-31T15:43:06","slug":"modacc-fashion-connect-37a-edicio","status":"publish","type":"page","link":"https:\/\/080barcelonafashion.cat\/es_ES\/modacc-fashion-connect-37a-edicio\/","title":{"rendered":"MODACC Fashion Connect 37a Edici\u00f3n"},"content":{"rendered":"\n<figure class=\"wp-block-video\"><video autoplay loop muted src=\"https:\/\/media.timtul.com\/media\/web_modacc\/modacc_1080p30_20251215174731.mp4\" playsinline><\/video><\/figure>\n\n\n\n<p>080 Barcelona Fashion, junto con el Cl\u00faster Catal\u00e1n de la Moda (MODACC), impulsa una nueva edici\u00f3n de la 080 Barcelona Fashion Connect, el showroom digital que conecta marcas de moda y complementos con compradores, distribuidores y agentes internacionales. La iniciativa refuerza su papel como plataforma estrat\u00e9gica para fomentar la internacionalizaci\u00f3n de la moda catalana y facilitar conexiones comerciales cualificadas con mercados clave.<\/p>\n\n\n\n<p>La 080 Barcelona Fashion Connect se consolida como un espacio profesional orientado a negocio, dise\u00f1ado para generar oportunidades comerciales reales entre marcas catalanas y agentes, distribuidores, department stores y plataformas digitales internacionales.<\/p>\n\n\n\n<p>La 080 Barcelona Fashion Connect cuenta con un precedente de \u00e9xito consolidado. En su \u00faltima edici\u00f3n, el showroom virtual reuni\u00f3 a m\u00e1s de 150 profesionales de 15 pa\u00edses, en una iniciativa organizada por MODACC con el apoyo del Departamento de Empresa y Trabajo de la Generalitat de Catalunya, a trav\u00e9s del Consorci de Comer\u00e7, Artesania i Moda (CCAM). A lo largo de sus ediciones, la plataforma ha facilitado conexiones comerciales entre una cincuentena de marcas catalanas y m\u00e1s de 350 agentes, distribuidores y compradores de m\u00e1s de 35 pa\u00edses, consolid\u00e1ndose como una herramienta clave para la proyecci\u00f3n internacional del sector.<\/p>\n\n\n\n<p>Con esta nueva edici\u00f3n, la 080 Barcelona Fashion Connect reafirma su vocaci\u00f3n de convertir la visibilidad en oportunidades de negocio concretas, reforzando el posicionamiento de la moda catalana en un contexto global cada vez m\u00e1s competitivo.<\/p>\n\n\n\n<p><strong>MARCAS PARTICIPANTES<br \/><\/strong>DOCOR, ACCEPTANCE LETTER, HALFEN HOUSE, NKN NEKANE, AL\u00da AL\u00da, AVET \/ SET, PERPETUMMOBILE, BOULARD BARCELONA, MIICA BARCELONA, AQVA SWIMWEAR, JOPLIN ATELIER, DE LA ROSA-SPAIN, WILDFLOWERS, PAZ TORRAS, TWOTHIRDS, SAYE, PUNTO BLANCO, MUS&amp;BOMBON, VANIA, SKFK y ESCORPION.<\/p>\n\n\n\n<blockquote class=\"wp-block-quote uk-padding has-background is-layout-flow wp-block-quote-is-layout-flow\" style=\"background-color:#f9f9f9\">\n<p>Para m\u00e1s informaci\u00f3n sobre la 080 Barcelona Fashion Connect, se puede consultar:&nbsp;<a href=\"https:\/\/www.modacc.cat\/esdeveniments\/080-barcelona-fashion-connect-digital-showroom\/\" target=\"_blank\" rel=\"noreferrer noopener\">https:\/\/www.modacc.cat\/esdeveniments\/080-barcelona-fashion-connect-digital-showroom\/<\/a>&nbsp;<\/p>\n<\/blockquote>\n\n\n\n<p><\/p>\n","protected":false},"excerpt":{"rendered":"<p><!-- wp:video --><\/p>\n<figure class=\"wp-block-video\"><video autoplay loop muted src=\"https:\/\/media.timtul.com\/media\/web_modacc\/modacc_1080p30_20251215174731.mp4\" playsinline><\/video><\/figure>\n<p><!-- \/wp:video --><\/p>\n<p><!-- wp:paragraph --><\/p>\n<p>080 Barcelona Fas&#8230;<\/p>\n","protected":false},"author":1,"featured_media":0,"parent":0,"menu_order":0,"comment_status":"closed","ping_status":"closed","template":"","meta":{"_acf_changed":false,"today-dj-active":false,"todays-dj-list":"%5B%5D","lookbook-gallery":"","show-list":"%5B%5D","display-name":"","date":"","video-id":"","video-file":"","video-file-thumbnail":"","designer-images":"","images-editorial":"","images-athmosphere":"","images-front-row":"","images-photocall":"","designer-image":"","designer-name":"","collection-name":"","cs-coleccion":"","cs-biografia":"","es-coleccion":"","es-biografia":"","en-coleccion":"","en-biografia":"","localizacion":"","time":"","contact-data":"","zip-file":"","posted-date":"","twitter":"","facebook":"","twitch":"","youtube":"","instagram":"","linkedin":"","tiktok":"","website":"","agenda-event":"%5B%5D","agenda-bg":"","pdf_version_of_the_agenda":"","mo-backstage":"","mo-beauty":"","mo-athmosphere":"","mo-streetstyle":"","footnotes":""},"class_list":["post-33148","page","type-page","status-publish","hentry"],"acf":[],"_links":{"self":[{"href":"https:\/\/080barcelonafashion.cat\/es_ES\/wp-json\/wp\/v2\/pages\/33148","targetHints":{"allow":["GET"]}}],"collection":[{"href":"https:\/\/080barcelonafashion.cat\/es_ES\/wp-json\/wp\/v2\/pages"}],"about":[{"href":"https:\/\/080barcelonafashion.cat\/es_ES\/wp-json\/wp\/v2\/types\/page"}],"author":[{"embeddable":true,"href":"https:\/\/080barcelonafashion.cat\/es_ES\/wp-json\/wp\/v2\/users\/1"}],"replies":[{"embeddable":true,"href":"https:\/\/080barcelonafashion.cat\/es_ES\/wp-json\/wp\/v2\/comments?post=33148"}],"version-history":[{"count":8,"href":"https:\/\/080barcelonafashion.cat\/es_ES\/wp-json\/wp\/v2\/pages\/33148\/revisions"}],"predecessor-version":[{"id":33151,"href":"https:\/\/080barcelonafashion.cat\/es_ES\/wp-json\/wp\/v2\/pages\/33148\/revisions\/33151"}],"wp:attachment":[{"href":"https:\/\/080barcelonafashion.cat\/es_ES\/wp-json\/wp\/v2\/media?parent=33148"}],"curies":[{"name":"wp","href":"https:\/\/api.w.org\/{rel}","templated":true}]}}

MODACC Fashion Connect 37a Edición

<figure class="wp-block-video"><video autoplay loop muted src="https://media.timtul.com/media/web_modacc/modacc_1080p30_20251215174731.mp4" playsinline></video></figure>



<p>080 Barcelona Fashion, junto con el Clúster Catalán de la Moda (MODACC), impulsa una nueva edición de la 080 Barcelona Fashion Connect, el showroom digital que conecta marcas de moda y complementos con compradores, distribuidores y agentes internacionales. La iniciativa refuerza su papel como plataforma estratégica para fomentar la internacionalización de la moda catalana y facilitar conexiones comerciales cualificadas con mercados clave.</p>



<p>La 080 Barcelona Fashion Connect se consolida como un espacio profesional orientado a negocio, diseñado para generar oportunidades comerciales reales entre marcas catalanas y agentes, distribuidores, department stores y plataformas digitales internacionales.</p>



<p>La 080 Barcelona Fashion Connect cuenta con un precedente de éxito consolidado. En su última edición, el showroom virtual reunió a más de 150 profesionales de 15 países, en una iniciativa organizada por MODACC con el apoyo del Departamento de Empresa y Trabajo de la Generalitat de Catalunya, a través del Consorci de Comerç, Artesania i Moda (CCAM). A lo largo de sus ediciones, la plataforma ha facilitado conexiones comerciales entre una cincuentena de marcas catalanas y más de 350 agentes, distribuidores y compradores de más de 35 países, consolidándose como una herramienta clave para la proyección internacional del sector.</p>



<p>Con esta nueva edición, la 080 Barcelona Fashion Connect reafirma su vocación de convertir la visibilidad en oportunidades de negocio concretas, reforzando el posicionamiento de la moda catalana en un contexto global cada vez más competitivo.</p>



<p><strong>MARCAS PARTICIPANTES<br /></strong>DOCOR, ACCEPTANCE LETTER, HALFEN HOUSE, NKN NEKANE, ALÚ ALÚ, AVET / SET, PERPETUMMOBILE, BOULARD BARCELONA, MIICA BARCELONA, AQVA SWIMWEAR, JOPLIN ATELIER, DE LA ROSA-SPAIN, WILDFLOWERS, PAZ TORRAS, TWOTHIRDS, SAYE, PUNTO BLANCO, MUS&amp;BOMBON, VANIA, SKFK y ESCORPION.</p>



<blockquote class="wp-block-quote uk-padding has-background is-layout-flow wp-block-quote-is-layout-flow" style="background-color:#f9f9f9">
<p>Para más información sobre la 080 Barcelona Fashion Connect, se puede consultar:&nbsp;<a href="https://www.modacc.cat/esdeveniments/080-barcelona-fashion-connect-digital-showroom/" target="_blank" rel="noreferrer noopener">https://www.modacc.cat/esdeveniments/080-barcelona-fashion-connect-digital-showroom/</a>&nbsp;</p>
</blockquote>



<p></p>
