{"id":26419,"date":"2025-09-22T11:17:33","date_gmt":"2025-09-22T11:17:33","guid":{"rendered":"https:\/\/080barcelonafashion.cat\/?page_id=26419"},"modified":"2025-10-10T14:46:25","modified_gmt":"2025-10-10T14:46:25","slug":"moda-fad-sustainable-challenge-2025-collective-mending","status":"publish","type":"page","link":"https:\/\/080barcelonafashion.cat\/es_ES\/moda-fad-sustainable-challenge-2025-collective-mending\/","title":{"rendered":"MODA-FAD Sustainable Challenge 2025: Collective Mending"},"content":{"rendered":"\n<figure class=\"wp-block-image size-full\"><img loading=\"lazy\" decoding=\"async\" width=\"800\" height=\"1199\" src=\"https:\/\/080barcelonafashion.cat\/wp-content\/uploads\/2025\/09\/cover-sustainable-challenge-2025.jpeg\" alt=\"\" class=\"wp-image-26447\" srcset=\"https:\/\/080barcelonafashion.cat\/wp-content\/uploads\/2025\/09\/cover-sustainable-challenge-2025.jpeg 800w, https:\/\/080barcelonafashion.cat\/wp-content\/uploads\/2025\/09\/cover-sustainable-challenge-2025-400x600.jpeg 400w, https:\/\/080barcelonafashion.cat\/wp-content\/uploads\/2025\/09\/cover-sustainable-challenge-2025-768x1151.jpeg 768w\" sizes=\"auto, (max-width: 800px) 100vw, 800px\" \/><\/figure>\n\n\n\n<p><strong>MODA-FAD<\/strong> presenta la s\u00e9ptima edici\u00f3n del Sustainable Challenge, el gran reto que cada a\u00f1o se lanza a los estudiantes de moda para crear proyectos sostenibles.&nbsp;<\/p>\n\n\n\n<p>Se trata de una iniciativa que busca replantear el futuro del sector de la moda desde el punto de vista de la sostenibilidad, pero siempre poniendo el foco en una tem\u00e1tica concreta. Este a\u00f1o, bajo el t\u00edtulo \u00ab<strong>Sustainable Challenge 2025: Collective Mending<\/strong>\u00bb y en el contexto de una marat\u00f3n de creaci\u00f3n, 30 estudiantes de escuelas de toda Europa aceptar\u00e1n el reto de trabajar juntos para explorar las posibilidades creativas de reparar, arreglar y remendar prendas descartadas, transform\u00e1ndolas en nuevas piezas mediante t\u00e9cnicas diversas.&nbsp;<\/p>\n\n\n\n<p>Este a\u00f1o el evento tendr\u00e1 lugar del 12 al 15 de noviembre en el Disseny Hub Barcelona. &nbsp;<\/p>\n\n\n\n<div class=\"wp-block-buttons is-content-justification-center is-layout-flex wp-container-core-buttons-is-layout-16018d1d wp-block-buttons-is-layout-flex\">\n<div class=\"wp-block-button has-custom-width wp-block-button__width-50\"><a class=\"wp-block-button__link has-black-background-color has-background wp-element-button\" href=\"https:\/\/www.eventbrite.es\/e\/presentacio-del-moda-fad-sustainable-challenge-2025-a-la-080-barcelona-tickets-1801155266889?aff=oddtdtcreator\" style=\"border-radius:0px\">REG\u00cdSTRATE<\/a><\/div>\n<\/div>\n\n\n\n<div style=\"height:100px\" aria-hidden=\"true\" class=\"wp-block-spacer\"><\/div>\n","protected":false},"excerpt":{"rendered":"<p><!-- wp:image {\"id\":26447,\"sizeSlug\":\"full\",\"linkDestination\":\"none\"} --><\/p>\n<figure class=\"wp-block-image size-full\"><img decoding=\"async\" src=\"https:\/\/080barcelonafashion.cat\/wp-content\/uploads\/2025\/09\/cover-sustainable-challenge-2025.jpeg\" alt=\"\" class=\"wp-image-2644...\n<\/p>\n","protected":false},"author":1,"featured_media":0,"parent":0,"menu_order":0,"comment_status":"closed","ping_status":"closed","template":"","meta":{"_acf_changed":false,"today-dj-active":false,"todays-dj-list":"%5B%5D","lookbook-gallery":"","show-list":"%5B%5D","display-name":"","date":"","video-id":"","video-file":"","video-file-thumbnail":"","designer-images":"","images-editorial":"","images-athmosphere":"","images-front-row":"","images-photocall":"","designer-image":"","designer-name":"","collection-name":"","cs-coleccion":"","cs-biografia":"","es-coleccion":"","es-biografia":"","en-coleccion":"","en-biografia":"","localizacion":"","time":"","contact-data":"","zip-file":"","posted-date":"","twitter":"","facebook":"","twitch":"","youtube":"","instagram":"","linkedin":"","tiktok":"","website":"","agenda-event":"%5B%5D","agenda-bg":"","pdf_version_of_the_agenda":"","mo-backstage":"","mo-beauty":"","mo-athmosphere":"","mo-streetstyle":"","footnotes":""},"class_list":["post-26419","page","type-page","status-publish","hentry"],"acf":[],"_links":{"self":[{"href":"https:\/\/080barcelonafashion.cat\/es_ES\/wp-json\/wp\/v2\/pages\/26419","targetHints":{"allow":["GET"]}}],"collection":[{"href":"https:\/\/080barcelonafashion.cat\/es_ES\/wp-json\/wp\/v2\/pages"}],"about":[{"href":"https:\/\/080barcelonafashion.cat\/es_ES\/wp-json\/wp\/v2\/types\/page"}],"author":[{"embeddable":true,"href":"https:\/\/080barcelonafashion.cat\/es_ES\/wp-json\/wp\/v2\/users\/1"}],"replies":[{"embeddable":true,"href":"https:\/\/080barcelonafashion.cat\/es_ES\/wp-json\/wp\/v2\/comments?post=26419"}],"version-history":[{"count":12,"href":"https:\/\/080barcelonafashion.cat\/es_ES\/wp-json\/wp\/v2\/pages\/26419\/revisions"}],"predecessor-version":[{"id":26765,"href":"https:\/\/080barcelonafashion.cat\/es_ES\/wp-json\/wp\/v2\/pages\/26419\/revisions\/26765"}],"wp:attachment":[{"href":"https:\/\/080barcelonafashion.cat\/es_ES\/wp-json\/wp\/v2\/media?parent=26419"}],"curies":[{"name":"wp","href":"https:\/\/api.w.org\/{rel}","templated":true}]}}

<figure class="wp-block-image size-full"><img loading="lazy" decoding="async" width="800" height="1199" src="https://080barcelonafashion.cat/wp-content/uploads/2025/09/cover-sustainable-challenge-2025.jpeg" alt="" class="wp-image-26447" srcset="https://080barcelonafashion.cat/wp-content/uploads/2025/09/cover-sustainable-challenge-2025.jpeg 800w, https://080barcelonafashion.cat/wp-content/uploads/2025/09/cover-sustainable-challenge-2025-400x600.jpeg 400w, https://080barcelonafashion.cat/wp-content/uploads/2025/09/cover-sustainable-challenge-2025-768x1151.jpeg 768w" sizes="auto, (max-width: 800px) 100vw, 800px" /></figure>



<p><strong>MODA-FAD</strong> presenta la séptima edición del Sustainable Challenge, el gran reto que cada año se lanza a los estudiantes de moda para crear proyectos sostenibles.&nbsp;</p>



<p>Se trata de una iniciativa que busca replantear el futuro del sector de la moda desde el punto de vista de la sostenibilidad, pero siempre poniendo el foco en una temática concreta. Este año, bajo el título «<strong>Sustainable Challenge 2025: Collective Mending</strong>» y en el contexto de una maratón de creación, 30 estudiantes de escuelas de toda Europa aceptarán el reto de trabajar juntos para explorar las posibilidades creativas de reparar, arreglar y remendar prendas descartadas, transformándolas en nuevas piezas mediante técnicas diversas.&nbsp;</p>



<p>Este año el evento tendrá lugar del 12 al 15 de noviembre en el Disseny Hub Barcelona. &nbsp;</p>



<div class="wp-block-buttons is-content-justification-center is-layout-flex wp-container-core-buttons-is-layout-16018d1d wp-block-buttons-is-layout-flex">
<div class="wp-block-button has-custom-width wp-block-button__width-50"><a class="wp-block-button__link has-black-background-color has-background wp-element-button" href="https://www.eventbrite.es/e/presentacio-del-moda-fad-sustainable-challenge-2025-a-la-080-barcelona-tickets-1801155266889?aff=oddtdtcreator" style="border-radius:0px">REGÍSTRATE</a></div>
</div>



<div style="height:100px" aria-hidden="true" class="wp-block-spacer"></div>
