{"id":26415,"date":"2025-09-22T11:17:37","date_gmt":"2025-09-22T11:17:37","guid":{"rendered":"https:\/\/080barcelonafashion.cat\/?page_id=26415"},"modified":"2025-10-02T10:43:29","modified_gmt":"2025-10-02T10:43:29","slug":"texmeeting-2025-valor-en-cadena-colaborar-para-competir","status":"publish","type":"page","link":"https:\/\/080barcelonafashion.cat\/es_ES\/texmeeting-2025-valor-en-cadena-colaborar-para-competir\/","title":{"rendered":"TexMeeting 2025 \u00b7 Valor en cadena. Colaborar para competir\u00a0"},"content":{"rendered":"\n<figure class=\"wp-block-image size-large\"><img loading=\"lazy\" decoding=\"async\" width=\"1600\" height=\"399\" src=\"https:\/\/080barcelonafashion.cat\/wp-content\/uploads\/2025\/09\/texmeeting-2025-banner-1600x399.jpg\" alt=\"\" class=\"wp-image-26416\" srcset=\"https:\/\/080barcelonafashion.cat\/wp-content\/uploads\/2025\/09\/texmeeting-2025-banner-1600x399.jpg 1600w, https:\/\/080barcelonafashion.cat\/wp-content\/uploads\/2025\/09\/texmeeting-2025-banner-600x150.jpg 600w, https:\/\/080barcelonafashion.cat\/wp-content\/uploads\/2025\/09\/texmeeting-2025-banner-768x192.jpg 768w, https:\/\/080barcelonafashion.cat\/wp-content\/uploads\/2025\/09\/texmeeting-2025-banner-1536x383.jpg 1536w, https:\/\/080barcelonafashion.cat\/wp-content\/uploads\/2025\/09\/texmeeting-2025-banner.jpg 1920w\" sizes=\"auto, (max-width: 1600px) 100vw, 1600px\" \/><\/figure>\n\n\n\n<p>La industria textil tiene ante s\u00ed una oportunidad \u00fanica para evolucionar y crecer a trav\u00e9s de la colaboraci\u00f3n. En un contexto global en constante transformaci\u00f3n \u2014con cambios en los h\u00e1bitos de consumo, avances tecnol\u00f3gicos, exigencias normativas cada vez mayores y una competencia creciente\u2014 el sector est\u00e1 llamado a activar todo su potencial colectivo.&nbsp;<\/p>\n\n\n\n<p>Empresas textiles, confeccionistas, marcas e instituciones comparten un objetivo com\u00fan: garantizar la continuidad, la competitividad y la capacidad de adaptaci\u00f3n del conjunto del sector. Y esto solo ser\u00e1 posible si nos entendemos como lo que somos: un ecosistema interdependiente en el que cada actor desempe\u00f1a un papel fundamental en la creaci\u00f3n de valor.&nbsp;<\/p>\n\n\n\n<p>Colaborar ya no es solo una estrategia; es una necesidad para crecer, innovar y afrontar juntos los desaf\u00edos compartidos con inteligencia colectiva. Desde la sostenibilidad hasta la digitalizaci\u00f3n, pasando por la respuesta a nuevos modelos de negocio o el acceso a mercados estrat\u00e9gicos, la diferencia estar\u00e1 en la conexi\u00f3n efectiva entre todos los actores del sector.&nbsp;<\/p>\n\n\n\n<p>El TexMeeting 2025 se presenta como un espacio para inspirar, conectar y construir alianzas preparadas para el futuro. Un encuentro que invita a mirar hacia adelante, con realismo, s\u00ed, pero tambi\u00e9n con confianza en la capacidad del sector para evolucionar.&nbsp;<\/p>\n\n\n\n<p>En esta edici\u00f3n, el programa de la conferencia anual de Texfor incluye dos mesas redondas complementarias que abordan algunos de los principales retos y oportunidades de colaboraci\u00f3n en la cadena de valor textil:&nbsp;<\/p>\n\n\n\n<h4 class=\"wp-block-heading\"><strong>MESA 1 \u00b7 Moda e industria: una alianza imprescindible<\/strong>&nbsp;<\/h4>\n\n\n\n<p>Un espacio para reflexionar sobre c\u00f3mo marcas y empresas industriales pueden alinear mejor sus objetivos, compartir responsabilidades y construir relaciones m\u00e1s estables y sostenibles.&nbsp;<br \/>El debate contar\u00e1 con la participaci\u00f3n de diversos agentes del sector moda, que explorar\u00e1n la necesidad de colaborar desde la fase de dise\u00f1o hasta la producci\u00f3n, en un entorno de precios ajustados y creciente exigencia del mercado.&nbsp;<\/p>\n\n\n\n<h4 class=\"wp-block-heading\"><strong>MESA 2 \u00b7 Cuando el textil es soluci\u00f3n: alianzas para liderar sectores clave<\/strong>&nbsp;<\/h4>\n\n\n\n<p>Una mirada a las oportunidades de colaboraci\u00f3n para acceder a nuevos mercados, impulsar la innovaci\u00f3n y mejorar la capacidad de respuesta en \u00e1mbitos estrat\u00e9gicos como la contrataci\u00f3n p\u00fablica o los sectores de alto valor a\u00f1adido.&nbsp;<br \/>El debate incluir\u00e1 la experiencia de empresas industriales de producto textil final, fabricantes de equipos de protecci\u00f3n y representantes institucionales.&nbsp;<\/p>\n\n\n\n<div class=\"wp-block-columns is-layout-flex wp-container-core-columns-is-layout-9d6595d7 wp-block-columns-is-layout-flex\">\n<div class=\"wp-block-column is-layout-flow wp-block-column-is-layout-flow\">\n<figure class=\"wp-block-table alignleft\"><table class=\"has-fixed-layout\"><tbody><tr><td>D\u00cda: &nbsp;<\/td><td>16\/10\/25<\/td><\/tr><tr><td>HorariO:<\/td><td>10:30h a 13:00h<\/td><\/tr><tr><td>Sala:<\/td><td>Pau Gil&nbsp;<\/td><\/tr><\/tbody><\/table><\/figure>\n<\/div>\n\n\n\n<div class=\"wp-block-column is-layout-flow wp-block-column-is-layout-flow\">\n<p>Aqu\u00ed tienes el enlace al formulario de inscripci\u00f3n para TexMeeting 2025:<\/p>\n\n\n\n<div class=\"wp-block-buttons is-layout-flex wp-block-buttons-is-layout-flex\">\n<div class=\"wp-block-button is-style-fill\"><a class=\"wp-block-button__link has-black-background-color has-background wp-element-button\" href=\"https:\/\/docs.google.com\/forms\/d\/e\/1FAIpQLSer55S0h3kI_L_jsLXYc7EFQTYXyVqMjM03B7Mdw9E11O1sIA\/viewform?usp=header\" style=\"border-radius:0px\">REG\u00cdSTRATE AQUI<\/a><\/div>\n<\/div>\n<\/div>\n<\/div>\n\n\n\n<p><\/p>\n","protected":false},"excerpt":{"rendered":"<p><!-- wp:image {\"id\":26416,\"sizeSlug\":\"large\",\"linkDestination\":\"none\"} --><\/p>\n<figure class=\"wp-block-image size-large\"><img decoding=\"async\" src=\"https:\/\/080barcelonafashion.cat\/wp-content\/uploads\/2025\/09\/texmeeting-2025-banner-1600x399.jpg\" alt=\"\" class=\"wp-image-2641...\n<\/p>\n","protected":false},"author":1,"featured_media":0,"parent":0,"menu_order":0,"comment_status":"closed","ping_status":"closed","template":"","meta":{"_acf_changed":false,"today-dj-active":false,"todays-dj-list":"%5B%5D","lookbook-gallery":"","show-list":"%5B%5D","display-name":"","date":"","video-id":"","video-file":"","video-file-thumbnail":"","designer-images":"","images-editorial":"","images-athmosphere":"","images-front-row":"","images-photocall":"","designer-image":"","designer-name":"","collection-name":"","cs-coleccion":"","cs-biografia":"","es-coleccion":"","es-biografia":"","en-coleccion":"","en-biografia":"","localizacion":"","time":"","contact-data":"","zip-file":"","posted-date":"","twitter":"","facebook":"","twitch":"","youtube":"","instagram":"","linkedin":"","tiktok":"","website":"","agenda-event":"%5B%5D","agenda-bg":"","pdf_version_of_the_agenda":"","mo-backstage":"","mo-beauty":"","mo-athmosphere":"","mo-streetstyle":"","footnotes":""},"class_list":["post-26415","page","type-page","status-publish","hentry"],"acf":[],"_links":{"self":[{"href":"https:\/\/080barcelonafashion.cat\/es_ES\/wp-json\/wp\/v2\/pages\/26415","targetHints":{"allow":["GET"]}}],"collection":[{"href":"https:\/\/080barcelonafashion.cat\/es_ES\/wp-json\/wp\/v2\/pages"}],"about":[{"href":"https:\/\/080barcelonafashion.cat\/es_ES\/wp-json\/wp\/v2\/types\/page"}],"author":[{"embeddable":true,"href":"https:\/\/080barcelonafashion.cat\/es_ES\/wp-json\/wp\/v2\/users\/1"}],"replies":[{"embeddable":true,"href":"https:\/\/080barcelonafashion.cat\/es_ES\/wp-json\/wp\/v2\/comments?post=26415"}],"version-history":[{"count":12,"href":"https:\/\/080barcelonafashion.cat\/es_ES\/wp-json\/wp\/v2\/pages\/26415\/revisions"}],"predecessor-version":[{"id":26747,"href":"https:\/\/080barcelonafashion.cat\/es_ES\/wp-json\/wp\/v2\/pages\/26415\/revisions\/26747"}],"wp:attachment":[{"href":"https:\/\/080barcelonafashion.cat\/es_ES\/wp-json\/wp\/v2\/media?parent=26415"}],"curies":[{"name":"wp","href":"https:\/\/api.w.org\/{rel}","templated":true}]}}

<figure class="wp-block-image size-large"><img loading="lazy" decoding="async" width="1600" height="399" src="https://080barcelonafashion.cat/wp-content/uploads/2025/09/texmeeting-2025-banner-1600x399.jpg" alt="" class="wp-image-26416" srcset="https://080barcelonafashion.cat/wp-content/uploads/2025/09/texmeeting-2025-banner-1600x399.jpg 1600w, https://080barcelonafashion.cat/wp-content/uploads/2025/09/texmeeting-2025-banner-600x150.jpg 600w, https://080barcelonafashion.cat/wp-content/uploads/2025/09/texmeeting-2025-banner-768x192.jpg 768w, https://080barcelonafashion.cat/wp-content/uploads/2025/09/texmeeting-2025-banner-1536x383.jpg 1536w, https://080barcelonafashion.cat/wp-content/uploads/2025/09/texmeeting-2025-banner.jpg 1920w" sizes="auto, (max-width: 1600px) 100vw, 1600px" /></figure>



<p>La industria textil tiene ante sí una oportunidad única para evolucionar y crecer a través de la colaboración. En un contexto global en constante transformación —con cambios en los hábitos de consumo, avances tecnológicos, exigencias normativas cada vez mayores y una competencia creciente— el sector está llamado a activar todo su potencial colectivo.&nbsp;</p>



<p>Empresas textiles, confeccionistas, marcas e instituciones comparten un objetivo común: garantizar la continuidad, la competitividad y la capacidad de adaptación del conjunto del sector. Y esto solo será posible si nos entendemos como lo que somos: un ecosistema interdependiente en el que cada actor desempeña un papel fundamental en la creación de valor.&nbsp;</p>



<p>Colaborar ya no es solo una estrategia; es una necesidad para crecer, innovar y afrontar juntos los desafíos compartidos con inteligencia colectiva. Desde la sostenibilidad hasta la digitalización, pasando por la respuesta a nuevos modelos de negocio o el acceso a mercados estratégicos, la diferencia estará en la conexión efectiva entre todos los actores del sector.&nbsp;</p>



<p>El TexMeeting 2025 se presenta como un espacio para inspirar, conectar y construir alianzas preparadas para el futuro. Un encuentro que invita a mirar hacia adelante, con realismo, sí, pero también con confianza en la capacidad del sector para evolucionar.&nbsp;</p>



<p>En esta edición, el programa de la conferencia anual de Texfor incluye dos mesas redondas complementarias que abordan algunos de los principales retos y oportunidades de colaboración en la cadena de valor textil:&nbsp;</p>



<h4 class="wp-block-heading"><strong>MESA 1 · Moda e industria: una alianza imprescindible</strong>&nbsp;</h4>



<p>Un espacio para reflexionar sobre cómo marcas y empresas industriales pueden alinear mejor sus objetivos, compartir responsabilidades y construir relaciones más estables y sostenibles.&nbsp;<br />El debate contará con la participación de diversos agentes del sector moda, que explorarán la necesidad de colaborar desde la fase de diseño hasta la producción, en un entorno de precios ajustados y creciente exigencia del mercado.&nbsp;</p>



<h4 class="wp-block-heading"><strong>MESA 2 · Cuando el textil es solución: alianzas para liderar sectores clave</strong>&nbsp;</h4>



<p>Una mirada a las oportunidades de colaboración para acceder a nuevos mercados, impulsar la innovación y mejorar la capacidad de respuesta en ámbitos estratégicos como la contratación pública o los sectores de alto valor añadido.&nbsp;<br />El debate incluirá la experiencia de empresas industriales de producto textil final, fabricantes de equipos de protección y representantes institucionales.&nbsp;</p>



<div class="wp-block-columns is-layout-flex wp-container-core-columns-is-layout-9d6595d7 wp-block-columns-is-layout-flex">
<div class="wp-block-column is-layout-flow wp-block-column-is-layout-flow">
<figure class="wp-block-table alignleft"><table class="has-fixed-layout"><tbody><tr><td>DÍa: &nbsp;</td><td>16/10/25</td></tr><tr><td>HorariO:</td><td>10:30h a 13:00h</td></tr><tr><td>Sala:</td><td>Pau Gil&nbsp;</td></tr></tbody></table></figure>
</div>



<div class="wp-block-column is-layout-flow wp-block-column-is-layout-flow">
<p>Aquí tienes el enlace al formulario de inscripción para TexMeeting 2025:</p>



<div class="wp-block-buttons is-layout-flex wp-block-buttons-is-layout-flex">
<div class="wp-block-button is-style-fill"><a class="wp-block-button__link has-black-background-color has-background wp-element-button" href="https://docs.google.com/forms/d/e/1FAIpQLSer55S0h3kI_L_jsLXYc7EFQTYXyVqMjM03B7Mdw9E11O1sIA/viewform?usp=header" style="border-radius:0px">REGÍSTRATE AQUI</a></div>
</div>
</div>
</div>



<p></p>
