{"id":33229,"date":"2026-03-31T13:30:04","date_gmt":"2026-03-31T13:30:04","guid":{"rendered":"https:\/\/080barcelonafashion.cat\/?page_id=33229"},"modified":"2026-04-09T12:20:01","modified_gmt":"2026-04-09T12:20:01","slug":"european-designer-fashion-summit","status":"publish","type":"page","link":"https:\/\/080barcelonafashion.cat\/en_US\/european-designer-fashion-summit\/","title":{"rendered":"EUROPEAN DESIGNER FASHION SUMMIT"},"content":{"rendered":"<div class=\"wp-block-image\">\n<figure class=\"aligncenter size-full\"><img loading=\"lazy\" decoding=\"async\" width=\"1500\" height=\"844\" src=\"https:\/\/080barcelonafashion.cat\/wp-content\/uploads\/2026\/04\/080-European-Designer-Fashion-Summit.jpg\" alt=\"080 - European Designer Fashion Summit\" class=\"wp-image-33266\" srcset=\"https:\/\/080barcelonafashion.cat\/wp-content\/uploads\/2026\/04\/080-European-Designer-Fashion-Summit.jpg 1500w, https:\/\/080barcelonafashion.cat\/wp-content\/uploads\/2026\/04\/080-European-Designer-Fashion-Summit-600x338.jpg 600w, https:\/\/080barcelonafashion.cat\/wp-content\/uploads\/2026\/04\/080-European-Designer-Fashion-Summit-768x432.jpg 768w\" sizes=\"auto, (max-width: 1500px) 100vw, 1500px\" \/><\/figure><\/div>\n\n\n<div class=\"wp-block-buttons is-content-justification-center is-layout-flex wp-container-core-buttons-is-layout-16018d1d wp-block-buttons-is-layout-flex\">\n<div class=\"wp-block-button\"><a class=\"wp-block-button__link has-vivid-red-background-color has-background wp-element-button\" href=\"https:\/\/academiadelamoda.eventscase.com\/attendance\/event\/index\/45977\/EN\" style=\"border-radius:8px\">REGISTRATION<\/a><\/div>\n<\/div>\n\n\n\n<h3 class=\"wp-block-heading\">EUROPE THINKS ABOUT AUTHOR FASHION, BARCELONA BRINGS TOGETHER ITS KEY FIGURES.<\/h3>\n\n\n\n<p>During the European Author Fashion International Conference, some of the most relevant voices from the author fashion ecosystem in Europe will come together.<\/p>\n\n\n\n<p>The event will take place on&nbsp;April 13&nbsp;and 14 at Tinglados (Moll Oriental, 3, Barcelona), a group of port warehouses from the early 20th century that&nbsp;today&nbsp;form a unique space where historic architecture blends with privileged views of the Mediterranean.<\/p>\n\n\n\n<p>Asociaci\u00f3n de Creadores de Moda de Espa\u00f1a.<\/p>\n\n\n\n<p>Fundaci\u00f3n Academia de la Moda Espa\u00f1ola.<\/p>\n\n\n\n<p>\u2e3b<\/p>\n\n\n\n<p><strong>APRIL 13, 2026: AUTHOR FASHION AS A SIGN OF IDENTITY: CHARACTERISTICS AND GLOBAL IMPACT<\/strong><\/p>\n\n\n\n<p><strong>9:00 am \u2014 Institutional Opening<\/strong><br \/>Opening ceremony with institutional representatives: Ministry of Culture of the Government of Spain, Generalitat de Catalunya, European Fashion Alliance, Asociaci\u00f3n de Creadores de Moda de Espa\u00f1a (ACME) and Fundaci\u00f3n Academia de la Moda Espa\u00f1ola (FAME).<\/p>\n\n\n\n<p><strong>9:30 am \u2014 Interview: \u201cFashion and culture: the role of author fashion in European cultural identity\u201d<\/strong><br \/>Gilles Lipovetsky reflects on fashion as a key element of European cultural identity.<br \/>Moderator: Leticia Garc\u00eda (S Moda \u2013 El Pa\u00eds).<\/p>\n\n\n\n<p><strong>10:45 am \u2014 Round table: \u201cEurope as the epicentre of author fashion: challenges and opportunities\u201d<\/strong><br \/>Participants: Scott Lipinski (European Fashion Alliance \/ German Fashion Council), Pepa Bueno (ACME \/ FAME), Cecilie Thorsmark (Copenhagen Fashion Week).<br \/>Moderator: Sergio \u00c1lvarez (FAME).<\/p>\n\n\n\n<p><strong>12:30 pm \u2014 Round table: \u201cEducation and emerging talent: the role of new generations in European author fashion\u201d<\/strong><br \/>Participants: Sara Sozzani Maino (Fondazione Sozzani \/ Milan Fashion Week), Joana Jorge (ModaLisboa), Ana Garc\u00eda-Si\u00f1eriz (Vogue College of Fashion), Ainhoa Garc\u00eda (FAME).<br \/>Moderator: Julia Weems (IED Barcelona).<\/p>\n\n\n\n<p><strong>5:15 pm \u2014 Round table: \u201cTradition and innovation: preserving the essence of author fashion in a globalised world\u201d<\/strong><br \/>Participants: Pascal Morand (F\u00e9d\u00e9ration de la Haute Couture et de la Mode), Carlo Capasa (Camera Nazionale della Moda Italiana).<br \/>Moderator: Alejandra Caro (FAME).<\/p>\n\n\n\n<p><strong>6:30 pm \u2014 Round table: \u201cFashion and Ibero-America: synergies, opportunities and Atlantic connections\u201d<\/strong><br \/>Participants: Estefan\u00eda Lacayo (Latin America Fashion Summit), Juan Duyos (ACME \/ FAME), Paco S\u00e1nchez (Lola Casademunt).<br \/>Moderator: Rafa Mu\u00f1oz (RTVE).<\/p>\n\n\n\n<p>\u2e3b<\/p>\n\n\n\n<p><strong>APRIL 14, 2026: INTERNATIONALISATION, DIGITALISATION AND SUSTAINABILITY AS COMPETITIVE ADVANTAGES<\/strong><\/p>\n\n\n\n<p><strong>9:00 am \u2014 Round table: \u201cDigitalisation and innovation: integration of new technologies into creative processes\u201d<\/strong><br \/>Participants: Regina Polanco (Pyratex), Jordi Ferre (AITEX), Fernando Cardona (Jeanologia \/ Brain Box), Fabio Palma (EIT Culture &amp; Creativity).<br \/>Moderator: David Garc\u00eda (MODACC).<\/p>\n\n\n\n<p><strong>10:30 am \u2014 Round table: \u201cEuropean author fashion facing the challenge of sustainability: threat or opportunity?\u201d<\/strong><br \/>Participants: Mar\u00eda Luisa Mart\u00ednez (Global Fashion Agenda), Minerva Alonso (Gran Canaria Swim Week), Marina Prados (Policy Hub), Natalia Culebras (Dior Men\u2019s).<br \/>Moderator: Pilar Ria\u00f1o (Modaes \/ Move!).<\/p>\n\n\n\n<p><strong>11:30 am \u2014 Interview: \u201cEuropean author fashion within the 21st-century fashion system\u201d<\/strong><br \/>Dana Thomas, journalist and author of Deluxe, Gods and Kings and Fashionopolis.<br \/>Interview by: Leticia Garc\u00eda (S Moda \u2013 El Pa\u00eds).<\/p>\n\n\n\n<p><strong>12:45 pm \u2014 Closing ceremony: conclusions and institutional closing<br \/><\/strong>Speakers: Pepa Bueno (ACME \/ FAME), Sergio \u00c1lvarez (FAME).<\/p>\n\n\n\n<p>\u2e3b<\/p>\n\n\n\n<p>MORE INFORMATION:<\/p>\n\n\n\n<p><strong>EUROPEAN AUTHOR FASHION SUMMIT<br \/><\/strong>Fundaci\u00f3n Academia de la Moda Espa\u00f1ola:&nbsp;<a href=\"http:\/\/www.academiadelamoda.es\/\" target=\"_blank\" rel=\"noreferrer noopener\">www.academiadelamoda.es<\/a><\/p>\n\n\n\n<p>CONTACT:<br \/><a href=\"mailto:secretaria@academiadelamoda.es\" target=\"_blank\" rel=\"noreferrer noopener\">secretaria@academiadelamoda.es<\/a><\/p>\n","protected":false},"excerpt":{"rendered":"<p><!-- wp:image {\"id\":33266,\"sizeSlug\":\"full\",\"linkDestination\":\"none\",\"align\":\"center\"} --><\/p>\n<figure class=\"wp-block-image aligncenter size-full\"><img decoding=\"async\" src=\"https:\/\/080barcelonafashion.cat\/wp-content\/uploads\/2026\/04\/080-European-Designer-Fashion-Summit....\n<\/p>\n","protected":false},"author":1,"featured_media":0,"parent":0,"menu_order":0,"comment_status":"closed","ping_status":"closed","template":"","meta":{"_acf_changed":false,"today-dj-active":false,"todays-dj-list":"%5B%5D","lookbook-gallery":"","show-list":"%5B%5D","display-name":"","date":"","video-id":"","video-file":"","video-file-thumbnail":"","designer-images":"","images-editorial":"","images-athmosphere":"","images-front-row":"","images-photocall":"","designer-image":"","designer-name":"","collection-name":"","cs-coleccion":"","cs-biografia":"","es-coleccion":"","es-biografia":"","en-coleccion":"","en-biografia":"","localizacion":"","time":"","contact-data":"","zip-file":"","posted-date":"","twitter":"","facebook":"","twitch":"","youtube":"","instagram":"","linkedin":"","tiktok":"","website":"","agenda-event":"%5B%5D","agenda-bg":"","pdf_version_of_the_agenda":"","mo-backstage":"","mo-beauty":"","mo-athmosphere":"","mo-streetstyle":"","footnotes":""},"class_list":["post-33229","page","type-page","status-publish","hentry"],"acf":[],"_links":{"self":[{"href":"https:\/\/080barcelonafashion.cat\/en_US\/wp-json\/wp\/v2\/pages\/33229","targetHints":{"allow":["GET"]}}],"collection":[{"href":"https:\/\/080barcelonafashion.cat\/en_US\/wp-json\/wp\/v2\/pages"}],"about":[{"href":"https:\/\/080barcelonafashion.cat\/en_US\/wp-json\/wp\/v2\/types\/page"}],"author":[{"embeddable":true,"href":"https:\/\/080barcelonafashion.cat\/en_US\/wp-json\/wp\/v2\/users\/1"}],"replies":[{"embeddable":true,"href":"https:\/\/080barcelonafashion.cat\/en_US\/wp-json\/wp\/v2\/comments?post=33229"}],"version-history":[{"count":9,"href":"https:\/\/080barcelonafashion.cat\/en_US\/wp-json\/wp\/v2\/pages\/33229\/revisions"}],"predecessor-version":[{"id":33300,"href":"https:\/\/080barcelonafashion.cat\/en_US\/wp-json\/wp\/v2\/pages\/33229\/revisions\/33300"}],"wp:attachment":[{"href":"https:\/\/080barcelonafashion.cat\/en_US\/wp-json\/wp\/v2\/media?parent=33229"}],"curies":[{"name":"wp","href":"https:\/\/api.w.org\/{rel}","templated":true}]}}

<div class="wp-block-image">
<figure class="aligncenter size-full"><img loading="lazy" decoding="async" width="1500" height="844" src="https://080barcelonafashion.cat/wp-content/uploads/2026/04/080-European-Designer-Fashion-Summit.jpg" alt="080 - European Designer Fashion Summit" class="wp-image-33266" srcset="https://080barcelonafashion.cat/wp-content/uploads/2026/04/080-European-Designer-Fashion-Summit.jpg 1500w, https://080barcelonafashion.cat/wp-content/uploads/2026/04/080-European-Designer-Fashion-Summit-600x338.jpg 600w, https://080barcelonafashion.cat/wp-content/uploads/2026/04/080-European-Designer-Fashion-Summit-768x432.jpg 768w" sizes="auto, (max-width: 1500px) 100vw, 1500px" /></figure></div>


<div class="wp-block-buttons is-content-justification-center is-layout-flex wp-container-core-buttons-is-layout-16018d1d wp-block-buttons-is-layout-flex">
<div class="wp-block-button"><a class="wp-block-button__link has-vivid-red-background-color has-background wp-element-button" href="https://academiadelamoda.eventscase.com/attendance/event/index/45977/EN" style="border-radius:8px">REGISTRATION</a></div>
</div>



<h3 class="wp-block-heading">EUROPE THINKS ABOUT AUTHOR FASHION, BARCELONA BRINGS TOGETHER ITS KEY FIGURES.</h3>



<p>During the European Author Fashion International Conference, some of the most relevant voices from the author fashion ecosystem in Europe will come together.</p>



<p>The event will take place on&nbsp;April 13&nbsp;and 14 at Tinglados (Moll Oriental, 3, Barcelona), a group of port warehouses from the early 20th century that&nbsp;today&nbsp;form a unique space where historic architecture blends with privileged views of the Mediterranean.</p>



<p>Asociación de Creadores de Moda de España.</p>



<p>Fundación Academia de la Moda Española.</p>



<p>⸻</p>



<p><strong>APRIL 13, 2026: AUTHOR FASHION AS A SIGN OF IDENTITY: CHARACTERISTICS AND GLOBAL IMPACT</strong></p>



<p><strong>9:00 am — Institutional Opening</strong><br />Opening ceremony with institutional representatives: Ministry of Culture of the Government of Spain, Generalitat de Catalunya, European Fashion Alliance, Asociación de Creadores de Moda de España (ACME) and Fundación Academia de la Moda Española (FAME).</p>



<p><strong>9:30 am — Interview: “Fashion and culture: the role of author fashion in European cultural identity”</strong><br />Gilles Lipovetsky reflects on fashion as a key element of European cultural identity.<br />Moderator: Leticia García (S Moda – El País).</p>



<p><strong>10:45 am — Round table: “Europe as the epicentre of author fashion: challenges and opportunities”</strong><br />Participants: Scott Lipinski (European Fashion Alliance / German Fashion Council), Pepa Bueno (ACME / FAME), Cecilie Thorsmark (Copenhagen Fashion Week).<br />Moderator: Sergio Álvarez (FAME).</p>



<p><strong>12:30 pm — Round table: “Education and emerging talent: the role of new generations in European author fashion”</strong><br />Participants: Sara Sozzani Maino (Fondazione Sozzani / Milan Fashion Week), Joana Jorge (ModaLisboa), Ana García-Siñeriz (Vogue College of Fashion), Ainhoa García (FAME).<br />Moderator: Julia Weems (IED Barcelona).</p>



<p><strong>5:15 pm — Round table: “Tradition and innovation: preserving the essence of author fashion in a globalised world”</strong><br />Participants: Pascal Morand (Fédération de la Haute Couture et de la Mode), Carlo Capasa (Camera Nazionale della Moda Italiana).<br />Moderator: Alejandra Caro (FAME).</p>



<p><strong>6:30 pm — Round table: “Fashion and Ibero-America: synergies, opportunities and Atlantic connections”</strong><br />Participants: Estefanía Lacayo (Latin America Fashion Summit), Juan Duyos (ACME / FAME), Paco Sánchez (Lola Casademunt).<br />Moderator: Rafa Muñoz (RTVE).</p>



<p>⸻</p>



<p><strong>APRIL 14, 2026: INTERNATIONALISATION, DIGITALISATION AND SUSTAINABILITY AS COMPETITIVE ADVANTAGES</strong></p>



<p><strong>9:00 am — Round table: “Digitalisation and innovation: integration of new technologies into creative processes”</strong><br />Participants: Regina Polanco (Pyratex), Jordi Ferre (AITEX), Fernando Cardona (Jeanologia / Brain Box), Fabio Palma (EIT Culture &amp; Creativity).<br />Moderator: David García (MODACC).</p>



<p><strong>10:30 am — Round table: “European author fashion facing the challenge of sustainability: threat or opportunity?”</strong><br />Participants: María Luisa Martínez (Global Fashion Agenda), Minerva Alonso (Gran Canaria Swim Week), Marina Prados (Policy Hub), Natalia Culebras (Dior Men’s).<br />Moderator: Pilar Riaño (Modaes / Move!).</p>



<p><strong>11:30 am — Interview: “European author fashion within the 21st-century fashion system”</strong><br />Dana Thomas, journalist and author of Deluxe, Gods and Kings and Fashionopolis.<br />Interview by: Leticia García (S Moda – El País).</p>



<p><strong>12:45 pm — Closing ceremony: conclusions and institutional closing<br /></strong>Speakers: Pepa Bueno (ACME / FAME), Sergio Álvarez (FAME).</p>



<p>⸻</p>



<p>MORE INFORMATION:</p>



<p><strong>EUROPEAN AUTHOR FASHION SUMMIT<br /></strong>Fundación Academia de la Moda Española:&nbsp;<a href="http://www.academiadelamoda.es/" target="_blank" rel="noreferrer noopener">www.academiadelamoda.es</a></p>



<p>CONTACT:<br /><a href="mailto:secretaria@academiadelamoda.es" target="_blank" rel="noreferrer noopener">secretaria@academiadelamoda.es</a></p>
